s digit of 2880/z - (-1 - -3)?
1
Let o(i) = -2*i**3 - 5*i**2 + 6*i + 34. Suppose -27 = 5*x + 4*s, 7*s - 2*s - 45 = 5*x. What is the hundreds digit of o(x)?
4
Let k(m) be the third derivative of m**5/60 - 5*m**4/12 - 4*m**3 - 2*m**2. Suppose 5*d + i = 70, -20 = d - 3*d - 2*i. What is the units digit of k(d)?
1
Let f(d) = -64*d + 378. Let g be f(7). Let b be (-3 + 0)*(-109)/3. Let j = b + g. What is the units digit of j?
9
Let c(r) = r**3 + 9*r**2 + 9*r - 8. Let f be c(-5). Let u = f - 33. Suppose p = 145 - u. What is the tens digit of p?
3
Suppose 29*i = 18*i + 5*i + 6498. What is the units digit of i?
3
What is the ten thousands digit of 10/90 - (0 - (-1005764)/(-36))?
2
Let y(d) = d**2 + 16*d - 18. Let i be y(-8). Let g = 84 + i. Suppose 3*f + 3*v + 93 - 714 = 0, 0 = -g*f - 3*v + 416. What is the hundreds digit of f?
2
Suppose -b - 563 + 32994 = -0*b. What is the thousands digit of b?
2
Let v = 4300 + 6907. What is the tens digit of v?
0
Let i = 7732 - 5362. What is the units digit of i?
0
Let z(m) = m**2 - 4*m + 5. Let t be z(4). Suppose 4*i + 289 = t*o, 2*o - 87 = -2*i + 43. Let d = 16 + o. What is the tens digit of d?
7
Let l(j) = 16*j**2 + 2*j - 9. Let o be l(-4). Suppose -4*r - 3*u = -o, -5*r - 6*u = -9*u - 319. What is the units digit of r?
2
Let y = 13213 + -6670. What is the tens digit of y?
4
Let q(r) = -4*r - 4. Let x be q(-1). Suppose -7*m + 227 + 1593 = x. What is the tens digit of m?
6
Let y(n) = -2*n**2 + 2*n**2 - 861*n**3 - 2 - 2*n - 659*n**3. What is the thousands digit of y(-1)?
1
Suppose 4*d - 22 = g + g, 5*d + 4*g = 34. Let i(j) = -16*j + 105. What is the units digit of i(d)?
9
Let p(h) = -10*h**3 + 11*h**2 + 8*h - 39. What is the hundreds digit of p(-10)?
9
Suppose 21500 = 16*i - 26*i. Let g = -1137 - i. What is the units digit of g?
3
Let x be (-250)/(-9) - 2/(-9). Let k(n) = -26*n**2 - 294*n - 2. Let t be k(-11). Let m = x + t. What is the units digit of m?
4
Suppose 16*x + 7392 = 37*x. What is the units digit of x + (-42)/63 + (-10)/(-6)?
3
Let x be (4 + -49)*(-852)/36. Suppose -5*t + 25 = 0, z = 4*t + x + 80. What is the tens digit of z?
6
What is the hundreds digit of -10 + (-24)/(-4) + 143211/(-21)*-7?
7
Suppose 4*f = -y + 1044, -12*y - f + 3165 = -9*y. Let m = 625 + y. What is the tens digit of m?
8
Let b(n) = 1189*n**2 - 2607*n + 6. What is the thousands digit of b(6)?
7
Suppose -3*l - 2*t + 6 = 0, 2*l - 33*t = -34*t + 5. Suppose 4*y = 16, -l*v + 6120 = 18*y - 15*y. What is the thousands digit of v?
1
Let t(b) = 3*b**2 + 84*b + 312. What is the hundreds digit of t(32)?
0
Let x = -17588 - -33559. What is the ten thousands digit of x?
1
Suppose 6*c - 3*h = 86904, 16*h = -4*c + 14*h + 57936. What is the hundreds digit of c?
4
Let x(d) = 3*d**2 + 2*d - 1. Let z be x(1). Suppose w - 2*n = 6*w - 1175, 2*w = z*n + 446. Let h = -130 + w. What is the tens digit of h?
0
Let y = 41 - 33. Let w(o) = 2*o - 12. Let p be w(y). Suppose -l + p*q = 8 - 2, -4*q = -8. What is the units digit of l?
2
Let j(g) = g**2 - 8*g + 11. Let x(d) = 2*d**2 - 2*d + 21. Let m be x(0). Suppose 2*h + h + m = 0. What is the tens digit of j(h)?
1
Let r(d) = -5*d**3 - 2*d**2 + 5*d + 6. Let n be r(-6). Suppose -4*t = -t - n. Suppose -4*v + 6*v = t. What is the tens digit of v?
6
Let o be (-2)/((-19)/(-6) + -3). Let w be o/10*(-90)/(-36). What is the units digit of 4/(-36)*w*267?
9
Let a be (-408)/32 - 6/(-8). Let t be a/9 + 4/12. What is the tens digit of (2/(-10))/t + 268/10?
2
Let f(r) = -2*r**3 + 2*r**2 - 6*r + 6. Let t be f(3). What is the units digit of (98/3)/(t/(-1656))?
7
Let u = 8572 - 2369. What is the units digit of u?
3
Suppose 5443*s + 82346 = 5454*s. What is the tens digit of s?
8
Let n = -9 + 13. Let w = -3328 - -3461. Suppose 0 = -n*q + 3*q + w. What is the units digit of q?
3
Let y(o) be the third derivative of 17*o**5/12 + o**4/12 - o**3 + o**2 - 266*o. What is the units digit of y(-2)?
0
Suppose -2*j - 3*s - 12 = -4*j, -4*j + 6 = 3*s. Suppose 9*d - 10*d + j*n = -544, -6 = -3*n. What is the tens digit of d?
5
Let h = -89956 + 171827. What is the thousands digit of h?
1
Let d(r) = -r**3 - 3*r**2 + 2*r - 5. Let g be d(-4). Suppose g*h - 7 = -s, 5*s - 3*h + h = 52. What is the units digit of 55 - 1/((-5)/s)?
7
Suppose -71*r + 72*r - 3 = 0. What is the tens digit of (r + 378/12)*38?
1
Let v = 165 + -75. Let m be 20/v - 1411/(-9). Suppose -35 = 2*p - m. What is the units digit of p?
1
Let v = 517 - 500. Suppose -v*l = 9*l - 8164. What is the tens digit of l?
1
Let a = -1076 + 1816. Suppose 4*r = 4*h - 17 + 5, -2*r + 2 = 0. Suppose 2*d - 568 = -d - h*m, 0 = 4*d + m - a. What is the units digit of d?
4
Suppose 3*v + 51 = -108. Let b = v + 48. Let s(a) = -a + 5. What is the tens digit of s(b)?
1
What is the thousands digit of (405488/(-48))/((-1)/9)?
6
Let b = 76834 - 44138. What is the hundreds digit of b?
6
Suppose 65*k - 22827 - 205908 = 0. What is the units digit of k?
9
Let k = -27 + 30. Suppose -k*l + q + 1009 = 0, -2*l = -6*l - 2*q + 1362. What is the tens digit of 2/26*-2 + 28444/l?
8
Let r(m) = 36*m**3 + 2*m**2 + 7*m - 2. What is the tens digit of r(3)?
0
What is the units digit of (2521*1)/(-10 - (-273)/26)?
2
Let h(r) be the first derivative of 2*r**3 - 1/2*r**2 - 4 + 0*r. What is the units digit of h(2)?
2
Suppose -75*n = 303*n - 87*n - 8737857. What is the tens digit of n?
2
Suppose -41*h - 6*h = -100345. Suppose 0 = -9*r + 5668 + h. What is the tens digit of r?
6
Let b = -10818 - -34382. What is the thousands digit of b?
3
Let z(b) = 19*b**2 - 18*b + 41. What is the tens digit of z(7)?
4
Suppose -21*u + 1329835 = 400186. What is the hundreds digit of u?
2
Let k(c) = 6*c**2 + 49*c - 25. Let w(q) = 2*q**2 + 16*q - 8. Let b(n) = 2*k(n) - 7*w(n). Let t be b(-7). Suppose 5*f + 39 = t*f. What is the units digit of f?
9
Let p be (-1)/(-3) - ((-213)/9 + 3). Let i be 4492/7 + 6/p. Suppose -5*z - 57 = -i. What is the hundreds digit of z?
1
Suppose 9*u = 19*q - 21*q + 7412, u = 4*q - 14748. What is the tens digit of q?
8
Suppose 0 = 14*s + 2840 - 54. Let l = -46 - s. What is the hundreds digit of l?
1
Suppose 5*w = 2*w - 2*v - 304, -5*w - 516 = v. Let x = -92 - w. What is the tens digit of x?
1
Let t(b) = b**3 - 37*b**2 + b - 46. Let i be t(37). What is the tens digit of 54/(-2)*390/i?
7
Suppose -92*r + 21 = -85*r. Suppose -y - 2*f + 1988 = 0, -r*y + 2*f + 7584 = 1636. What is the units digit of y?
4
Let i = 31 + 54. Let c = -35 + i. What is the tens digit of c?
5
Let d(t) = t**3 - 2*t**2 - 15*t + 764. What is the hundreds digit of d(18)?
6
Suppose -2*h = 5*i - 92196, 802*i - 801*i - 230559 = -5*h. What is the thousands digit of h?
6
Let o be (-6)/(-12) + 11/(-2). Let y be ((-14)/o)/(4/260). Suppose 0 = -4*m + 5*x + y, 0*x - 2*x + 82 = 2*m. What is the units digit of m?
3
Suppose -v + 2*s = 88, 4*v + 245 = 2*s - 83. Suppose -5*i + 4*h = 32, 11 = 5*h - 4. Let x = i - v. What is the tens digit of x?
7
Let u(w) = -2*w**2 + w**2 + 8*w**3 + 3*w**2 + 6*w**3 - 7*w + 2. Let p(h) = 10*h - 28. Let b be p(3). What is the tens digit of u(b)?
0
Suppose 0 = 5*d + 3*y - 16, -4*y = 2*d - 5*d - 2. Suppose -5*i = 3*o - 2738, -5*i - 373 = -d*o + 1444. What is the tens digit of o?
1
Let k(s) = 304*s + 31. Let d be k(1). Let v = d + -139. What is the units digit of v?
6
Let a = -1 + 7. Suppose i - 4*i + a = 0, -3*i + 6 = -4*d. Suppose 2*q = d, -2*h - q = h - 36. What is the tens digit of h?
1
What is the tens digit of 12837*-13*(48/36)/(-4)?
2
Let h = 3245 - -2594. What is the tens digit of h?
3
Suppose 2*k = -13*a + 222639, 4*a - 53379 = 3*k + 15147. What is the tens digit of a?
2
Suppose -206*q + 6 = 2*b - 203*q, 4*b + 4*q = 12. Let n(m) = m**3 + m**2 - m + 75. Let l be n(0). Suppose -261 - l = -b*d. What is the hundreds digit of d?
1
Let j = 42 + -84. What is the units digit of 1875/18 + 7/j?
4
Let i = 897 - 867. Suppose -51987 = -i*p - 9*p. What is the hundreds digit of p?
3
Let t = -283 - -893. Suppose 0 = -8*q + 1546 - t. What is the units digit of q?
7
Suppose -1347 = 8*d - 27067. What is the units digit of (12/(-8))/(1 + d/(-3210))?
3
Suppose 5 = 2*p - 1. Suppose 3*b = p*h + 192, -4*b - 128 = -6*b - 4*h. What is the tens digit of b?
6
Let i = -45 + 48. Suppose i*q - 152 = r, -4*q + r + 256 = q. What is the tens digit of q?
5
What is the tens digit o